 -4*y, y - 45 = -4*f - 14. What is the remainder when 43 is divided by y?
10
Suppose 0*r = 4*r + 4, 4*r - 2 = -2*q. Suppose o - 67 = -4*a, 95 - 14 = o - q*a. Suppose -5*d + 285 = o. What is the remainder when d is divided by 11?
9
Let u be 12/(-42) - (-418)/(-7). Suppose 5*v + 3*m - 30 = 0, -5*v + 2*m - 7*m + 20 = 0. Calculate the remainder when v is divided by (u/(-36))/((-2)/(-6)).
4
Calculate the remainder when 23*2*(-2)/(-4) is divided by (7 + -5)*26/4.
10
Suppose -5*m - 7 + 27 = 5*t, 4*t = 0. Calculate the remainder when (-7)/m*(0 - 20) is divided by 18.
17
Let y = 6 + -25. Calculate the remainder when 14 is divided by (-5)/(-25) - y/5.
2
Let x(j) = 2*j**2 - 4. Let i be x(-2). Suppose 0 = 2*y - 5*s - 18, -i*s - 3 = 5. What is the remainder when y is divided by 2?
0
Suppose 3*y + 5 = 4*y, 2*b + 5*y - 115 = 0. Let v = -3 + 5. Suppose 5*c + 115 = 5*r, -2*c = v*r + 13 - 59. What is the remainder when b is divided by r?
22
Suppose 0*h - 5*h + 75 = 0. Suppose 0 = -13*p + 4*p + 36. What is the remainder when h is divided by p?
3
Let g(y) = -y**3 + 7*y**2 - y. Let s be (9/(-6) + 1)*-12. Suppose -3*i + 74 = 5*d - i, 4*i = 4*d - 76. What is the remainder when g(s) is divided by d?
14
Suppose 5*z + 4*f - 9 = 50, -5*f + 10 = 2*z. Calculate the remainder when 4/60*5*87 is divided by z.
14
Let y(l) = l**3 - l**2 + l + 20. Let k(q) = -q**2 - 5*q + 9. Let a be k(-7). Let g be 2/a + 4/10. What is the remainder when y(g) is divided by 11?
9
Suppose 2*w = -4*o + 58, -6*w + 3*w - 2*o + 99 = 0. Calculate the remainder when w is divided by -2 + 0 - (-22)/2.
8
Let z be -20 + (-2 - 0) + 5. Let h = z - -32. What is the remainder when 57 is divided by h?
12
Suppose 5*a - 74 = 3*b, -a + 6 + 4 = b. Calculate the remainder when 73 is divided by a.
8
Let i be (18/(-30))/(2/(-10)). Suppose -5*t + 178 = -i*w, 3*t = -3*w + 27 + 99. Suppose 0 = -6*r + r + 100. Calculate the remainder when t is divided by r.
18
Let m = -35 - -55. Let i = m + 2. Calculate the remainder when i is divided by (-16 - 0)/(4 - 6).
6
Suppose 12*b = 6*b + 6. What is the remainder when 4 is divided by b?
0
Suppose 5*n - 2*o = 363, 0*n = -n - 2*o + 75. What is the remainder when n is divided by 25?
23
Suppose 0 = w + 17 - 100. What is the remainder when w is divided by 28?
27
Let j(m) = -m**2 - 20*m - 9. Calculate the remainder when 39 is divided by j(-19).
9
Suppose 3*f = 20 + 55. Let k(p) = 4*p - 14. Calculate the remainder when f is divided by k(7).
11
Let u(v) = -2*v**3 - 3*v**2 - v - 1. What is the remainder when 23 is divided by u(-2)?
3
Let i be ((-17)/(-68))/(2/16). Suppose 2*l - 2 = i. What is the remainder when 5 is divided by l?
1
Calculate the remainder when 26 - 1 - 2 - 1 is divided by 5.
2
Suppose 7*d - 30 = 4*d. What is the remainder when (-30)/d - 14/(-1) is divided by 7?
4
Suppose -1 = 4*x + 3. Let t(l) = -l + 1. Let s be t(x). Suppose -s*r + 84 = 2*r. What is the remainder when r is divided by 8?
5
Suppose 4*d = 13*d - 315. What is the remainder when d is divided by 12?
11
Suppose -j + 4 = -2. What is the remainder when 12/(-5)*(-320)/48 is divided by j?
4
Suppose 5*z + 2*z - 91 = 0. What is the remainder when z is divided by 3?
1
Let l be (2 - 2)*(3 - 2). Let x = l + -1. Calculate the remainder when (1 + 7)*(x - -2) is divided by 3.
2
Suppose -1 = -2*n + 17. Suppose -8*j = -j - 35. Calculate the remainder when n is divided by j.
4
Let l = 13 + -8. Suppose -46 - 59 = -l*o. Calculate the remainder when 62 is divided by o.
20
Let n(v) = v**3 - 7*v**2 + 3*v - 4. Let y be (-2)/(-5) - (-198)/30. What is the remainder when 32 is divided by n(y)?
15
Let b(d) = -d**3 - 7*d**2 - 7*d - 2. Let v be b(-5). Let w = 29 + v. Suppose 3*q + 3 - 24 = 0. Calculate the remainder when w is divided by q.
5
Let j(n) = 6*n**2 + 4*n - 7 - n**3 - 2 - 4*n**2 + 4*n**2. What is the remainder when 44 is divided by j(6)?
14
Suppose g = 4*g - 159. Let p = g - 19. Suppose 2*u + 0*u - 24 = 0. Calculate the remainder when p is divided by u.
10
Suppose -3*t - 2*o + 380 = t, 4*o = 5*t - 449. What is the remainder when t is divided by 24?
21
Suppose -11*d + 16*d = 55. What is the remainder when 21 is divided by d?
10
Let s be (4/6)/((-3)/9). What is the remainder when 39/s*4/(-6) is divided by 7?
6
Let t(k) be the second derivative of k**4/12 + k**3/3 - 4*k**2 - k. What is the remainder when t(7) is divided by 19?
17
Let d be 6/(-4)*(-3 + 5). Calculate the remainder when (-13)/(-39) + (-188)/d is divided by 16.
15
Let g(n) = -3*n + 1. Suppose 5*i + 2*a + 28 = -0*a, -2*i + 8 = -4*a. Calculate the remainder when 23 is divided by g(i).
10
Calculate the remainder when (132/(-14))/((-4)/28) is divided by 10.
6
Let j(h) = -10*h - 4. Calculate the remainder when j(-4) is divided by 20.
16
Let k(o) = -o**3 + 9*o**2 + 4*o + 10. Let g be k(8). Suppose 4*d = 138 + g. What is the remainder when d is divided by 16?
13
Suppose p = 5*p - 240. Suppose 2*s = -4*d + 50, -3*d = 2*d + 5*s - p. Calculate the remainder when d is divided by 2/6 - 14/(-3).
3
Suppose 4*p + 0*p - 16 = 0. Calculate the remainder when (-4)/p - (-1 + -47) is divided by 16.
15
Suppose 5*o - w = 2*w + 376, 3*o - 218 = -2*w. What is the remainder when o is divided by 25?
24
Let o be ((-3)/(-5))/((-2)/(-10)). Let t = 5 - -6. Calculate the remainder when t is divided by 4 + o/((-9)/(-6)).
5
Suppose -5*b - 2 = -22. Suppose 0*q = 3*q - 6, q = 2*n - 54. Suppose 0 = 4*r - 0*r - n. Calculate the remainder when r is divided by b.
3
Suppose 0 = -4*o + 36 + 116. Let p = -15 + o. What is the remainder when p is divided by 8?
7
Calculate the remainder when 62 is divided by ((-13)/((-78)/63))/((-2)/(-4)).
20
Suppose -3*q = 4*w - 79, -2*w + 75 = 2*w - q. Suppose -8 - w = -k. What is the remainder when k is divided by 14?
13
Suppose 0 = 2*n - 0*n - 84. What is the remainder when 209 is divided by n?
41
Let x(b) = -3*b**3 + 4 + 6 + 9*b + 6*b**2 + 2*b**3. Calculate the remainder when x(7) is divided by 9.
6
Let x = -17 + 22. What is the remainder when 13 is divided by x?
3
Suppose -43 = -3*f - 3*l + 7*l, -34 = -2*f + 4*l. What is the remainder when f is divided by 3?
0
Suppose a = -x + 3, 4*a - 2*x - 3*x = 57. Suppose -3*y + 1 + a = 0. Suppose 23 + 43 = 5*w - y*k, -w = 4*k - 4. What is the remainder when 46 is divided by w?
10
What is the remainder when (2/5)/((-5)/(-375)) is divided by 11?
8
Let c(p) = -p - 5. Let g(w) = w**2 + 5*w + 4. Let d be g(-5). Suppose 0 = -d*h - 3 + 15. Calculate the remainder when c(-13) is divided by h.
2
Suppose 1 = -g - 2. Let k be 3/((-3)/24*g). Calculate the remainder when (k/(-10))/((-2)/5) is divided by 2.
0
Suppose -48 + 0 = -4*b. Calculate the remainder when 34 is divided by b.
10
Let y be 1292/18 + (-14)/(-63). Suppose 0*h = 3*h - y. Calculate the remainder when h is divided by 9.
6
Let s = 16 - 7. Suppose -2*r + 3*r + 4 = -3*i, 30 = 3*r - 5*i. What is the remainder when s is divided by r?
4
Suppose 0 = -11*u + 195 + 102. Calculate the remainder when u is divided by 10.
7
Suppose -1 + 13 = 3*s. Let u = -2 - s. Calculate the remainder when ((-4)/u)/((-4)/(-228)) is divided by 13.
12
Suppose -133 = -4*l + 55. Let f = -1 - -13. Calculate the remainder when l is divided by f.
11
Let v(y) = 6*y**3 - 2*y**2 + 1. Let f be v(1). Let s = -1 + 4. Let x = f - s. What is the remainder when 6 is divided by x?
0
Suppose -5*n = -3*d - 22, n - 10 = d - 2*n. Suppose -5 - 10 = -5*v. Calculate the remainder when (d/6)/((-4)/30) is divided by v.
2
Let c be (3/2)/((-3)/(-6)). Calculate the remainder when (c/3 - 0) + 31 is divided by 11.
10
Suppose 3*h - 4*t - 140 = 0, 48 = 4*h - 3*h - t. Let y = 12 - -2. Calculate the remainder when h is divided by y.
10
Let p(s) = -18*s + 6. Let b(x) = 9*x - 3. Let w(o) = 5*b(o) + 3*p(o). Let c = 17 + -9. Calculate the remainder when w(-2) is divided by c.
5
Calculate the remainder when -52*((-12)/(-6))/(-1 + -1) is divided by 19.
14
Suppose -12 = -2*f - 0*f - 2*n, 0 = 5*f + 4*n - 25. Let w = f - -3. Suppose 17 + 34 = w*j + i, -3*i - 3 = -j. What is the remainder when 35 is divided by j?
11
Let y(f) = 2*f - 18. Suppose 5*a - 4*c = 42, 9 + 3 = -4*c. What is the remainder when a is divided by y(11)?
2
Suppose -3*o + 0*s - 5*s + 15 = 0, 2*s - 25 = -5*o. What is the remainder when 14 is divided by o?
4
Suppose 2*s + 45 = 7*s. What i